5345 + 10341?
240130
In base 7, what is -12161536 - 33?
-12161602
In base 5, what is 222140123 + 121?
222140244
In base 2, what is 10010100000111111011001001001 - -100?
10010100000111111011001001101
In base 16, what is -2 - -b15dc3?
b15dc1
In base 13, what is -5cca + -56?
-6053
In base 2, what is 1 + 100011101010011100101001101?
100011101010011100101001110
In base 16, what is -2de9 - 5e8?
-33d1
In base 16, what is 0 + -1e1f36b?
-1e1f36b
In base 6, what is 403 + 135423?
140230
In base 8, what is -12773211 + -111?
-12773322
In base 10, what is -2 - -231879039?
231879037
In base 4, what is 12302003130 + -11101?
12301332023
In base 7, what is 132633 - 45004?
54626
In base 3, what is 110021211 - -1111211?
111210122
In base 15, what is 3b55 + -eeb?
2b59
In base 6, what is -4020212 - -15211?
-4001001
In base 6, what is -2 + 5102310441?
5102310435
In base 14, what is 3978 - -a09c?
da36
In base 8, what is -1 + 112203116?
112203115
In base 4, what is 3 + -322301320100?
-322301320031
In base 5, what is 122442 + -3331204?
-3203212
In base 2, what is 100011011000100 - 100010110110010?
100010010
In base 9, what is 26 + -8144182?
-8144155
In base 6, what is 12101 + -2441135?
-2425034
In base 12, what is -13 - -1871875?
1871862
In base 6, what is 2143 - -10354025?
10400212
In base 9, what is 4 + -48440518?
-48440514
In base 10, what is -33 + -3431451?
-3431484
In base 9, what is -104415 + 3678?
-100626
In base 3, what is 2011101000222 + 2?
2011101001001
In base 2, what is -1 + 101000011000111000100?
101000011000111000011
In base 4, what is -21 + 222321322311?
222321322230
In base 9, what is 0 + -53410056?
-53410056
In base 9, what is 5872 + 4361?
11343
In base 11, what is 2919 + -901?
2018
In base 4, what is -30 - 323121313112?
-323121313202
In base 16, what is -22911 + -e?
-2291f
In base 10, what is 33881523 - -2?
33881525
In base 14, what is 35c4267 - 4?
35c4263
In base 13, what is 3a5a8 + 1b?
3a5c6
In base 15, what is 231418d - 9?
2314184
In base 4, what is 3232032202 + -321?
3232031221
In base 5, what is -302 - -4043312?
4043010
In base 9, what is -21 - 34881142?
-34881163
In base 5, what is 111 - 103013124?
-103013013
In base 7, what is -1646615231 - 1?
-1646615232
In base 2, what is -1111100000110110 - -1110011011?
-1111010010011011
In base 12, what is -1907 + -191?
-1a98
In base 14, what is -335445a - 1?
-335445b
In base 10, what is -208546 - 1410?
-209956
In base 5, what is -23130221424 + 120?
-23130221304
In base 3, what is 10 - 1211110012100012?
-1211110012100002
In base 16, what is 17ee8 - -5e?
17f46
In base 16, what is 1732d14 + 5?
1732d19
In base 7, what is 36631002 + 5?
36631010
In base 6, what is -450202453 + 3?
-450202450
In base 11, what is -9 - -6190a?
61901
In base 10, what is 61975 + 892?
62867
In base 6, what is 1200 + 3454400?
3500000
In base 4, what is -3030 - -12110313?
12101223
In base 10, what is -97 + -37221?
-37318
In base 16, what is -29088 + -5?
-2908d
In base 3, what is 102 + -10201011222200?
-10201011222021
In base 12, what is -56 - 11994b?
-1199a5
In base 14, what is 10332910 - -5?
10332915
In base 11, what is -45477586 - -1?
-45477585
In base 12, what is 8189616 - 3?
8189613
In base 8, what is -5 + 173027740?
173027733
In base 8, what is 1225424 + 163?
1225607
In base 16, what is 150a1a6d - 0?
150a1a6d
In base 3, what is -10100010 + 10120221000?
10110120220
In base 10, what is 19555277 - 3?
19555274
In base 16, what is 27 - 48e2?
-48bb
In base 7, what is 120142451 - -104?
120142555
In base 11, what is 78a7 + -730?
7177
In base 14, what is 3672d - -16a?
36899
In base 6, what is -305 + -12520233?
-12520542
In base 14, what is -29b75 + 97?
-29abc
In base 14, what is 5 + -8bbac?
-8bba7
In base 4, what is 20 - -130031312210?
130031312230
In base 9, what is -21354 - 1?
-21355
In base 9, what is -4 - -81634748?
81634744
In base 15, what is -53677 - 1365?
-549dc
In base 5, what is 3 + 121422443242?
121422443300
In base 6, what is -1 - 15001030515?
-15001030520
In base 4, what is -22333 + -120331?
-203330
In base 14, what is 19 - 54a9?
-5490
In base 10, what is -2498915 + 23?
-2498892
In base 13, what is -524c - -b89?
-4393
In base 9, what is 0 - 136252516?
-136252516
In base 14, what is -13 + -3a572b1?
-3a572c4
In base 14, what is -c + 956ba2?
956b94
In base 8, what is 141174 + 644?
142040
In base 5, what is -114132203200 + -3?
-114132203203
In base 16, what is -a + -62816f?
-628179
In base 4, what is -20231313122021 - 1?
-20231313122022
In base 10, what is 76 - -4356007?
4356083
In base 6, what is 1253 + 10502421?
10504114
In base 6, what is -11324153 + -44?
-11324241
In base 7, what is 55232 + -303?
54626
In base 5, what is -4 + -440011330?
-440011334
In base 16, what is 2 + 79d83?
79d85
In base 4, what is 1113 - -322232230?
322300003
In base 6, what is -54452 + 253542?
155050
In base 10, what is 34972194 + 3?
34972197
In base 7, what is -2026363 - 6654?
-2036350
In base 7, what is -5664444 - 466?
-5665243
In base 11, what is -392669 + 12?
-392657
In base 15, what is 674c + -b?
6741
In base 9, what is 4 - 10174477?
-10174473
In base 6, what is 12152 - -1033511?
1050103
In base 16, what is -238cc2 - -4?
-238cbe
In base 9, what is 47663276 + 5?
47663282
In base 10, what is -49 + -318092?
-318141
In base 16, what is -3f0ec + 1a7?
-3ef45
In base 11, what is -a55159360 - 1?
-a55159361
In base 12, what is -249b - -87?
-2414
In base 12, what is b6 + 4362b1?
4363a7
In base 3, what is -111010210001 + -10?
-111010210011
In base 12, what is -41415 + -175?
-4158a
In base 6, what is 2 + -132144125?
-132144123
In base 11, what is 0 + -2425891?
-2425891
In base 14, what is -1 + 303c486?
303c485
In base 11, what is -203282754 - 0?
-203282754
In base 8, what is 126517021 + -1?
126517020
In base 6, what is -31230115 - 103?
-31230222
In base 4, what is 22231 - -12303222?
12332113
In base 2, what is 10 - -100101000100110101011111000?
100101000100110101011111010
In base 14, what is 5 - 26c3847?
-26c3842
In base 10, what is 1 + 3612347?
3612348
In base 16, what is 26992 - -10?
269a2
In base 6, what is 11453004 + 23?
11453031
In base 11, what is -21a94 + -276?
-2225a
In base 15, what is 1b - 18744?
-18728
In base 10, what is 1156838 + -5?
1156833
In base 5, what is -223214 + -122?
-223341
In base 5, what is -113233042342 - -2?
-113233042340
In base 12, what is 3b3 - 73050?
-72859
In base 4, what is 11001332 + -13013?
10322313
In base 5, what is 10400140424 + -11?
10400140413
In base 4, what is 32 + 1111132210322?
1111132211020
In base 5, what is -23 + -22413221200?
-22413221223
In base 2, what is -1000000101 - -11000000010010?
10111000001101
In base 6, what is -1324115223 + 3?
-1324115220
In base 9, what is -1720 + -11611?
-13431
In base 10, what is 0 + -32943805?
-32943805
In base 10, what is 3 - 3591875?
-3591872
In base 4, what is 1020 + -33100033021?
-33100032001
In base 4, what is 322301 + -230211?
32030
In base 9, what is 0 - -2607006?
2607006
In base 5, what is 122 - -2000112332?
2000113004
In base 4, what is -32101 + 1200331231?
1200233130
In base 14, what is 2c - 121c4?
-12196
In base 10, what is 2186 - 6021?
-3835
In base 5, what is -240 - -30433403?
30433113
In base 10, what is -308 + -7329?
-7637
In base 2, what is 100001111 + 1010011101011001110?
1010011101111011101
In base 10, what is -5970196 + -3?
-5970199
In base 10, what is 1899 - 150090?
-148191
In base 12, what is 548ba - 348?
54572
In base 16, what is -4 + -4139a3?
-4139a7
In base 14, what is 6d104 + -267?
6cc7b
In base 2, what is 10010 - -10101101101001010100?
10101101101001100110
In base 10, what is 23 - -24493229?
24493252
In base 8, what is 0 + 1441324?
1441324
In base 7, what is -4 + -11304615?
-11304622
In base 10, what is 3 - 1912231?
-1912228
In base 5, what is 224242111 + 0?
224242111
In base 13, what is aa7a + -4c71?
5b09
In base 16, what is -d0dd2c + -1?
-d0dd2d
In base 8, what is 3132412 - -2?
3132414
In base 16, what is a + 7f64e?
7f658
In base 7, what is 154 - -105601?
106055
In base 12, what is 18 - 89923?
-89907
In base 8, what is -2 - 3543423?
-3543425
In base 2, what is 1100 - -11110000100110111000010010?
11110000100110111000011110
In base 14, what is 4 - 17baabb?
-17baab7
In base 8, what is -13700 + -61?
-13761
In base 14, what is -907 - 1665?
-216c
In base 4,